 = 2*v**2 + 6*v + 5. Let l be w(-5). Let s be (-9 - -4)/((9 + -10)*1). Suppose -3*x - 6 = 0, l = -3*k + s*x + 110. List the prime factors of k.
5
Let c = -23 + 25. Let p(f) = -2 + 4*f**2 - 4*f - f**2 - 5*f**c + f - 79*f**3. What are the prime factors of p(-1)?
2, 3, 13
Suppose 4*f + 111 = 3*f. Let m(k) = -5*k - 72. Let g be m(-21). Let c = g - f. List the prime factors of c.
2, 3
Suppose 0 = -313*x + 289*x + 96. Let s be 0 + (4 - 2) + 0. Suppose x*g = -2*k + 134, -4*g = -s*g + 4*k - 76. List the prime factors of g.
2
Let z = -2232 - -8738. List the prime factors of z.
2, 3253
Let s(n) = -312*n - 10. Let y(m) = 125*m + 4. Let f(j) = -5*s(j) - 12*y(j). Suppose 5*g - 11 + 1 = 0. What are the prime factors of f(g)?
2, 61
Suppose 8*w - 162 = 710. Let d = w - 104. Suppose 43 - 279 = -2*s + 4*j, -d*s - 3*j = -564. List the prime factors of s.
2, 3, 19
Let r(g) = 6*g + 28. Let p be r(-5). Let u be ((-283)/2)/((-1)/p). Let z = -166 - u. What are the prime factors of z?
3, 13
Let m(q) = 10*q + 23. Let l be m(-3). Let p be (-2)/(-4)*(57 - l). List the prime factors of 99/2 - 16/p.
7
Let r(g) = g**3 - 58*g**2 - 1166*g + 83. List the prime factors of r(74).
5, 283
Suppose -3*u + 5*s + 4856 = 0, 0*s = -4*u + 2*s + 6498. List the prime factors of u.
1627
Let a = 6479 - -2450. List the prime factors of a.
8929
Suppose -146*r - 8 = -150*r. List the prime factors of (1182/4 - r)/((-5)/(-10)).
587
List the prime factors of (-4)/62 + (-9055056)/(-2201).
2, 11, 17
Let x = 3000 - -35782. List the prime factors of x.
2, 19391
Suppose -6*b = -b - 390. Let l = 54 - b. List the prime factors of (l/(-16))/((-2)/(-92)).
3, 23
Let g(f) = -f**3 + 61*f**2 - 59*f + 1377. List the prime factors of g(55).
2, 7, 1163
Let d be -3*4/(-36)*3. Let j be (d - 1)*5/(-10). Let v(h) = h + 67. What are the prime factors of v(j)?
67
Suppose -6*x - 16 - 2 = 0. Let l(b) = -2*b**3 + 3*b**2 + 3*b - 4. Let z be l(x). Let d = z + 177. List the prime factors of d.
5, 7
What are the prime factors of (-6220)/6*-3 + -9 + (21 - 6)?
2, 19, 41
Let l = 376 + 4047. What are the prime factors of l?
4423
Suppose 0 = 4*f + 6*n - 7*n + 51, 4*f + 4*n = -56. Let i(w) = -w**3 - 5*w**2 - 21*w - 12. What are the prime factors of i(f)?
1613
What are the prime factors of (-46258)/(-4) + (-104)/16 + 10 + -2?
2, 5783
Let v be ((3 - 3)/8)/(3 - 1). Suppose 3*q - 3*w = -504, -2*q + w = -v*w + 341. List the prime factors of 0/2 + (-16 - q).
157
Suppose -6*d = -1095 - 429. Suppose -8*h + 3906 + d = 0. Suppose -126 = 2*k + 2*u - h, 5*k = -4*u + 988. List the prime factors of k.
2, 5
Let d(u) = 2*u**3 - 9*u**2 + 22*u + 144. What are the prime factors of d(23)?
3, 7, 107
Let h(f) = -234*f + 102. Let j(y) = -58*y + 25. Let i(p) = 2*h(p) - 9*j(p). List the prime factors of i(11).
3, 191
Let s be (-14)/3*(-36)/24. Suppose -4*v + 2548 = -11*t + s*t, -5*t + 5 = 0. List the prime factors of v.
2, 11, 29
Suppose 0 = 3*y + 2*g - 119143, 0 = 5*y - 94*g + 96*g - 198573. What are the prime factors of y?
5, 13, 47
Suppose -6*k = -3*k - 12, -k = 4*i - 28. Let c be 258/1 - (i - 6)/4. Let n = -52 + c. What are the prime factors of n?
2, 103
Suppose 4*y + 19866 - 45609 = 37377. List the prime factors of y.
2, 3, 5, 263
Let m(d) = d**2 + 12*d + 28. Let j be m(-5). Let p = 6 + j. What are the prime factors of (p - -269) + 6/(-3)?
2, 7, 19
Let d(p) = p - 50. Let r be d(0). Suppose -10*x = -15*x - 10, 2*t - 96 = -2*x. Let y = t - r. What are the prime factors of y?
2, 5
List the prime factors of (-1821)/(19/(-1330) - (-2)/(-7)).
2, 5, 607
Let d(m) = 2*m**3 - 74*m**2 - 4*m + 246. What are the prime factors of d(39)?
2, 3, 7
Suppose m + 3*f - 5269 = 16738, 0 = 5*m - 5*f - 109855. What are the prime factors of m?
2, 5, 7, 157
Let h be (2/6 + (-2088)/6)*-3. Suppose -4*j + h = 5*k, 5*j - k - 390 - 950 = 0. What are the prime factors of j?
3, 89
Let a(q) = -5*q**2 + 2*q + 61. Let o be a(22). Let j = -989 - o. List the prime factors of j.
2, 3, 13, 17
Let q = 418 + -104. Suppose -111*y - 10621 + 39037 = 0. Suppose -68 + q = 2*m + 3*k, 2*m - 2*k = y. What are the prime factors of m?
2, 3, 7
Suppose -274*d = -273*d - 3, 112282 = 5*h - d. What are the prime factors of h?
17, 1321
Let m be 69/2*(-6)/(-9). Let h = 86 - m. What are the prime factors of 1/((-1)/h)*9/(-3)?
3, 7
Suppose 3*s + 2*s = 0. Suppose 2*b = -2*g + 26, 2*b - 5*g - 14 - 19 = s. What are the prime factors of 32/(-56) + 946/b?
67
Let o(l) = -3610*l - 30. Let d be o(-18). List the prime factors of 14/18 + -1 - d/(-675).
2, 3
Suppose -2*h - 25 = -4*h - 3*q, 3*q - 9 = 0. Let z(c) = 14*c + 0 + 0 + h*c. What are the prime factors of z(5)?
2, 5, 11
Suppose -3*m = i - 29, 5*m - 33*i + 37*i - 60 = 0. Suppose 7*s = m*s + t - 887, s - 886 = -2*t. What are the prime factors of s?
2, 3, 37
Let w(y) = 10*y**2 - 873*y - 134. List the prime factors of w(92).
2, 5, 419
Suppose -3738 = -n + 92. Suppose -7*d = 974 - n. Suppose -4*u + 2*s - 38 = -830, -2*u + d = 2*s. What are the prime factors of u?
2, 5
Suppose -278958 = -34*q - 2*q + 147102. List the prime factors of q.
3, 5, 263
Let y be 2/11 + (-60)/(-33). Let a be (-140)/21*(-9)/5. Suppose g = -y*g - 3*p + 84, 3*p = g - a. What are the prime factors of g?
2, 3
Suppose -35*n + 7380 = -79140. List the prime factors of n.
2, 3, 103
Let n(x) = -15*x + 36 + 47 - 9*x + 19*x. What are the prime factors of n(10)?
3, 11
What are the prime factors of (-4)/(-3) - 130992/(-36)?
2, 5, 7, 13
Suppose -165*j + 3*j = -4812534. List the prime factors of j.
61, 487
Suppose 140*k = 53*k + 1255932. List the prime factors of k.
2, 3, 401
Let i(z) = z**3 + 17*z**2 + 20*z - 2. Suppose q - 14 = 3*w - 8*w, -4*q + 3*w = -171. Let y = 24 - q. List the prime factors of i(y).
2, 37
Let j(m) be the second derivative of -m**4/12 - 14*m**3/3 + 56*m**2 - m + 39. What are the prime factors of j(-17)?
13, 23
Suppose -12*q + 183 = -261. Suppose q*s - 44573 + 11458 = 0. List the prime factors of s.
5, 179
Let h(y) = -64 - 483*y + 459*y - 48. What are the prime factors of h(-21)?
2, 7
Let h be -838*(-3 - (-2 + -2)). Let i = h - -1459. What are the prime factors of i?
3, 23
Suppose -3 = 2*g + 1. Let n be (7*7)/(g/(-4)). Suppose 3*v - n = 181. List the prime factors of v.
3, 31
Suppose 0 = -2*i + 3*s + 39 + 61, -3*i + 4*s = -148. Suppose -23122 = 22*g - i*g. List the prime factors of g.
1051
Let a(v) = 2*v**2 - 62. Let o(t) = t**3 - 2*t**2 + 62. Let f(h) = -4*a(h) - 3*o(h). List the prime factors of f(-6).
2, 11, 29
Suppose 1312271 = 61*r - 3049026 - 477589. What are the prime factors of r?
2, 3, 13, 113
Suppose -8*n + 3*n - 40 = 0, 2*r + 2*n = 150904. List the prime factors of r.
2, 5, 7, 11
List the prime factors of -6 - (-57303)/((-117)/(-13)).
6361
Let o = 296 - 294. Suppose a - 371 = 4*d + 781, 5*d + 2292 = o*a. What are the prime factors of a?
2, 71
Let k = -5958 - -10053. What are the prime factors of k?
3, 5, 7, 13
Let g(d) be the third derivative of d**5/15 - 13*d**4/8 + d**3/6 - 26*d**2 + 1. What are the prime factors of g(12)?
109
Let q(n) = -n**3 + 9*n**2 - 10*n + 12. Let f be q(8). Let l(a) = a**2 - 2*a + 6. What are the prime factors of l(f)?
2, 3, 5
List the prime factors of ((-1134)/108)/((-9)/3822).
7, 13
Let z(t) = t**3 + 8*t**2 - 8*t + 37. Let i be z(-11). Let y = -216 - i. What are the prime factors of y?
2, 11
Let d(b) = -b. Let p be d(7). Let g = p - -7. Let h(m) = m**3 + m**2 - m + 97. What are the prime factors of h(g)?
97
What are the prime factors of (((-6732323)/26)/41)/(4/(-8))?
17, 743
Let k be 147/35 + 1 - (-2)/(-10). Suppose 0 = -2*c + 5*l + 33, 0 = -c - k*l + 3*l + 21. Suppose i - c = -4*z, -3*i = -4*z + z - 42. List the prime factors of i.
3, 5
Suppose 55*t = 15*t + 75080. What are the prime factors of t?
1877
Let k(u) = -u**2 + 6*u - 6. Let f be k(4). Suppose -4*r + 2 = f. Suppose -3*j = 5*o - 101, -4*j + 124 = -4*o - r*o. What are the prime factors of j?
2
Let w be (-6324)/(-34)*46/3. Suppose -9*x = -11*x + w. List the prime factors of x.
2, 23, 31
Suppose -4403 + 1286 = 3*j. Let u = -455 - j. List the prime factors of u.
2, 73
Suppose 0 = -5*d - 2*j, 0*d + 6 = -2*d - 2*j. Let x be ((-18)/2 + d)*60/(-42). List the prime factors of 6*((-25)/x + 3).
3
Let n(c) = 154*c - 412. What are the prime factors of n(56)?
2, 2053
Let h be (14/8)/((-4)/16). Let k = -